{"id":1057,"date":"2023-11-17T09:46:49","date_gmt":"2023-11-17T09:46:49","guid":{"rendered":"https:\/\/autozehnderag.ch\/?page_id=1057"},"modified":"2025-09-22T13:08:18","modified_gmt":"2025-09-22T13:08:18","slug":"test","status":"publish","type":"page","link":"https:\/\/autozehnderag.ch\/?page_id=1057","title":{"rendered":"Aktuelles"},"content":{"rendered":"\n<h3 class=\"wp-block-heading has-black-color has-text-color has-link-color has-medium-font-size wp-elements-797136224a3b8265ea449ee777fdf435\">Gestern &amp; heute (dazu noch mehr unter <a href=\"https:\/\/www.facebook.com\">Facebook<\/a>)<br><br><span style=\"color: #ff0000;\"><strong>Herzlich willkommen bei Auto Zehnder AG! Es freut uns, dass Sie auf unsere Homepage gestossen sind. Dank Ihnen d\u00fcrfen wir auf  24 spannende und erfahrungsreiche Gesch\u00e4ftsjahre zur\u00fcckblicken (01.01.2000 bis 31.12.2023), &#8222;merci villmoll&#8220;! Seit dem 01. Januar 2024 l\u00e4uft das Kerngesch\u00e4ft (2 Markenvertretungen, Carrosserie\/Spritzwerk, mechanische Werkstatt) \u00fcber die Nachfolgerfirma eines ehemaligen Mitarbeitenden. <\/strong><\/span><br><br><strong style=\"color: rgb(255, 0, 0);\">Die<\/strong> <span style=\"color: #ff0000;\"><strong>AUTO ZEHNDER AG mit Monika &amp; Norbert Zehnder wird weiterhin die portable Waschanlage betreiben, vielleicht treffen wir uns &#8211; gesch\u00e4tzte Kundschaft &#8211; irgendwie\/irgendwo\/irgendwann hoffentlich wieder und wir m\u00f6chten uns uns nochmals herzlichst f\u00fcr Ihre langj\u00e4hrige Treue bedanken, es war uns eine grosse Freude, Ihren vierr\u00e4drigen Begleiter in unserer Obhut zu wissen. Kommen Sie allzeit sicher ans\/ins Ziel und wir sagen &#8222;UFF WIEDERG\u00dcX, MACHETS GUET!&#8220;<\/strong><\/span><br><span style=\"color: #ff0000;\"><strong>Monika &amp; Norbert Zehnder, im Januar 2024<\/strong><\/span><\/h3>\n\n\n<div class=\"wp-block-image\">\n<figure class=\"aligncenter size-full\"><img loading=\"lazy\" decoding=\"async\" width=\"236\" height=\"144\" src=\"https:\/\/autozehnderag.ch\/wp-content\/uploads\/2024\/02\/Logo-Alpstein-Heli.jpg\" alt=\"\" class=\"wp-image-1227\"\/><\/figure>\n<\/div>\n\n\n<p><\/p>\n\n\n\n<p class=\"has-vivid-red-color has-text-color has-link-color has-large-font-size wp-elements-877999b8affc2608da04315026b5477d\"><strong>Haben Sie einen Moment Zeit? =&gt; <a href=\"http:\/\/www.alpsteinheli.ch\">www.alpsteinheli.ch<\/a><\/strong><\/p>\n\n\n\n<p><\/p>\n\n\n\n<hr class=\"wp-block-separator has-alpha-channel-opacity\"\/>\n\n\n\n<p class=\"has-vivid-red-color has-text-color has-link-color has-medium-font-size wp-elements-89c0897f668c445c3bf10f2af1913c91\"><\/p>\n","protected":false},"excerpt":{"rendered":"<p>Gestern &amp; heute (dazu noch mehr unter Facebook) Herzlich willkommen bei Auto Zehnder AG! Es freut uns, dass Sie auf unsere Homepage gestossen sind. Dank Ihnen d\u00fcrfen wir auf 24 spannende und erfahrungsreiche Gesch\u00e4ftsjahre zur\u00fcckblicken (01.01.2000 bis 31.12.2023), &#8222;merci villmoll&#8220;! Seit dem 01. Januar 2024 l\u00e4uft das Kerngesch\u00e4ft (2 Markenvertretungen, Carrosserie\/Spritzwerk, mechanische Werkstatt) \u00fcber die [&hellip;]<\/p>\n","protected":false},"author":1,"featured_media":168,"parent":0,"menu_order":0,"comment_status":"closed","ping_status":"closed","template":"","meta":{"footnotes":""},"class_list":["post-1057","page","type-page","status-publish","has-post-thumbnail","czr-hentry"],"_links":{"self":[{"href":"https:\/\/autozehnderag.ch\/index.php?rest_route=\/wp\/v2\/pages\/1057","targetHints":{"allow":["GET"]}}],"collection":[{"href":"https:\/\/autozehnderag.ch\/index.php?rest_route=\/wp\/v2\/pages"}],"about":[{"href":"https:\/\/autozehnderag.ch\/index.php?rest_route=\/wp\/v2\/types\/page"}],"author":[{"embeddable":true,"href":"https:\/\/autozehnderag.ch\/index.php?rest_route=\/wp\/v2\/users\/1"}],"replies":[{"embeddable":true,"href":"https:\/\/autozehnderag.ch\/index.php?rest_route=%2Fwp%2Fv2%2Fcomments&post=1057"}],"version-history":[{"count":112,"href":"https:\/\/autozehnderag.ch\/index.php?rest_route=\/wp\/v2\/pages\/1057\/revisions"}],"predecessor-version":[{"id":1392,"href":"https:\/\/autozehnderag.ch\/index.php?rest_route=\/wp\/v2\/pages\/1057\/revisions\/1392"}],"wp:featuredmedia":[{"embeddable":true,"href":"https:\/\/autozehnderag.ch\/index.php?rest_route=\/wp\/v2\/media\/168"}],"wp:attachment":[{"href":"https:\/\/autozehnderag.ch\/index.php?rest_route=%2Fwp%2Fv2%2Fmedia&parent=1057"}],"curies":[{"name":"wp","href":"https:\/\/api.w.org\/{rel}","templated":true}]}}

<h3 class="wp-block-heading has-black-color has-text-color has-link-color has-medium-font-size wp-elements-797136224a3b8265ea449ee777fdf435">Gestern &amp; heute (dazu noch mehr unter <a href="https://www.facebook.com">Facebook</a>)<br><br><span style="color: #ff0000;"><strong>Herzlich willkommen bei Auto Zehnder AG! Es freut uns, dass Sie auf unsere Homepage gestossen sind. Dank Ihnen dürfen wir auf  24 spannende und erfahrungsreiche Geschäftsjahre zurückblicken (01.01.2000 bis 31.12.2023), &#8222;merci villmoll&#8220;! Seit dem 01. Januar 2024 läuft das Kerngeschäft (2 Markenvertretungen, Carrosserie/Spritzwerk, mechanische Werkstatt) über die Nachfolgerfirma eines ehemaligen Mitarbeitenden. </strong></span><br><br><strong style="color: rgb(255, 0, 0);">Die</strong> <span style="color: #ff0000;"><strong>AUTO ZEHNDER AG mit Monika &amp; Norbert Zehnder wird weiterhin die portable Waschanlage betreiben, vielleicht treffen wir uns &#8211; geschätzte Kundschaft &#8211; irgendwie/irgendwo/irgendwann hoffentlich wieder und wir möchten uns uns nochmals herzlichst für Ihre langjährige Treue bedanken, es war uns eine grosse Freude, Ihren vierrädrigen Begleiter in unserer Obhut zu wissen. Kommen Sie allzeit sicher ans/ins Ziel und wir sagen &#8222;UFF WIEDERGÜX, MACHETS GUET!&#8220;</strong></span><br><span style="color: #ff0000;"><strong>Monika &amp; Norbert Zehnder, im Januar 2024</strong></span></h3>


<div class="wp-block-image">
<figure class="aligncenter size-full"><img loading="lazy" decoding="async" width="236" height="144" src="https://autozehnderag.ch/wp-content/uploads/2024/02/Logo-Alpstein-Heli.jpg" alt="" class="wp-image-1227"/></figure>
</div>


<p></p>



<p class="has-vivid-red-color has-text-color has-link-color has-large-font-size wp-elements-877999b8affc2608da04315026b5477d"><strong>Haben Sie einen Moment Zeit? =&gt; <a href="http://www.alpsteinheli.ch">www.alpsteinheli.ch</a></strong></p>



<p></p>



<hr class="wp-block-separator has-alpha-channel-opacity"/>



<p class="has-vivid-red-color has-text-color has-link-color has-medium-font-size wp-elements-89c0897f668c445c3bf10f2af1913c91"></p>

<p>Gestern &amp; heute (dazu noch mehr unter Facebook) Herzlich willkommen bei Auto Zehnder AG! Es freut uns, dass Sie auf unsere Homepage gestossen sind. Dank Ihnen dürfen wir auf 24 spannende und erfahrungsreiche Geschäftsjahre zurückblicken (01.01.2000 bis 31.12.2023), &#8222;merci villmoll&#8220;! Seit dem 01. Januar 2024 läuft das Kerngeschäft (2 Markenvertretungen, Carrosserie/Spritzwerk, mechanische Werkstatt) über die [&hellip;]</p>
